 = 2*y - 42, 18*p = 22*p - 4*y - 60. Calculate the highest common divisor of 9 and p.
9
Suppose 14 = 4*o + i, o - 5*i + i + 5 = 0. Suppose 0 = -o*h + 8*h - 50. Let w be h + -2 - 4*1. What is the highest common factor of w and 36?
4
Let m = 19 - 15. Suppose -m*x + s = -3*x + 2, 2*x = 4*s - 4. Let d = x - -8. Calculate the greatest common divisor of 9 and d.
3
Let w be 136/10*540/72. What is the highest common divisor of w and 306?
102
Let i(h) be the first derivative of -2*h**2 + 2*h + 5. Let t = 3 - 5. Let k be i(t). Calculate the greatest common divisor of k and 90.
10
Let k(h) be the third derivative of 5*h**4/6 + h**3 - 9*h**2. Let p be k(3). Calculate the highest common factor of 44 and p.
22
Suppose -w - w = -b - 749, -w + 4*b = -371. Let i = -164 - 46. Let g = i + w. What is the highest common divisor of g and 15?
15
Let d(t) = -6*t - 27. Let h = 2 - 11. Let u be d(h). Calculate the greatest common divisor of u and 3.
3
Let m = 30 + 110. Let g(i) be the first derivative of 2*i**4 - 2*i**3/3 + i**2/2 - 2*i + 1. Let c be g(2). What is the greatest common factor of m and c?
28
Let l(v) = v**3 + 4*v**2 - 4*v - 4. Let o be l(-4). Let n = -57 - -52. Let x = -2 - n. What is the highest common divisor of o and x?
3
Let g = -1560 - -1568. What is the highest common factor of g and 4?
4
Suppose 70 = -m + 2*m. Suppose -p - p = -50. Let a = 35 - p. What is the greatest common factor of m and a?
10
Suppose 0 = -40*h + 11*h + 2233. Calculate the highest common divisor of 22 and h.
11
Suppose -5*g + 2*g = -o - 171, 4*g + o = 221. What is the highest common divisor of 70 and g?
14
Let y(f) = -2*f - 1. Let d be y(1). Let l(n) = -n - 1 + 4*n**2 + 4 - 2*n**2 + 2*n**2. Let u be l(d). Calculate the greatest common factor of 6 and u.
6
Suppose -n + 3 = 0, -5*r + 6 = -2*n - 3. Let l be -2*(-2)/(-4) + 85. Suppose -r*c - l = -4*c. What is the highest common factor of c and 21?
21
Suppose 0 = -17*s - 1082 + 3377. Calculate the highest common factor of s and 621.
27
Suppose 4*r - 3*h - 11 = -2, -5*r = -4*h - 10. Let d be r/(-12) - 105/(-2). What is the highest common factor of 52 and d?
52
Let d be (-12)/10*(4 - 1211/14). What is the highest common divisor of d and 44?
11
Let g(m) = m**3 - 14*m**2 - 14*m - 11. Let q be g(15). Suppose -q*b - 162 = -b. Let y be (-3 - -8)*b/(-5). What is the highest common factor of 6 and y?
6
Let d be (-5 + 6)*(-12 - -13). What is the greatest common factor of 128 and d?
1
Let w(v) = -v**2 - 4*v + 2. Let q be w(6). Let u be 8/(-12)*-6 - q. Let k = 407 + -252. What is the greatest common divisor of u and k?
31
Suppose 0 = 20*g - 46 - 54. Suppose -6*k = -k + 5*x - g, 2*k = 4*x + 14. Calculate the highest common factor of k and 3.
3
Suppose 0 = 3*q - 12 - 6. Suppose 5*t = -3*s - 25, -5 = -4*t - 1. Let m be s/30 + 8/q. Calculate the greatest common factor of m and 2.
1
Suppose 0 = 6*w - 3*w + 36. Let s = w + 26. Suppose -3*b - 5*f + s = -3*f, 2*b - 1 = -3*f. Calculate the highest common factor of b and 56.
8
Let l(y) = -y**2 + 11*y + 4. Let p be l(10). Let t be ((-21)/p)/((-6)/40). Let h be 3/(((-9)/4)/(-3)). Calculate the greatest common divisor of h and t.
2
Suppose -3*u - 26 = -4*u. Let i be 3 + (2/(-5))/(3/30). Let s be (2 - 13 - i)/((-1)/13). Calculate the greatest common divisor of s and u.
26
Suppose 2*f - 5 = -3*p, -f - 1 = 4. Let v(j) = -p*j**2 + 10*j + 7*j**2 - 6 - 3*j**2. Let r be v(9). What is the highest common divisor of 2 and r?
1
Let v(l) = 24*l**3 - l**2 - 2*l + 3. Let h be v(2). Let d = h - 51. Calculate the highest common divisor of 17 and d.
17
Suppose 3*z + d = -d + 263, 2*z = 4*d + 154. Suppose -6*m = -m + 10. Let h be 51*(-1)/m*86/129. Calculate the highest common divisor of h and z.
17
Let c = -10 + 14. Let b be ((-18)/c + 3)*-2. Suppose -3*q - 19 + 91 = 0. What is the greatest common divisor of q and b?
3
Let a be 16/(-9) + (-2)/9. Let z be 50/1 + 4/a. Suppose 0 = -3*o + 4*r + 103 + 9, -180 = -5*o + 5*r. What is the greatest common factor of z and o?
16
Let o be ((-48)/15 - -2)*-30. Suppose 0 = -18*p - 9*p + 243. What is the greatest common divisor of o and p?
9
Let n = 152 - 138. What is the highest common factor of n and 784?
14
Let x = 227 - 122. Suppose 5*w + 5 = x. What is the greatest common divisor of 2 and w?
2
Let c(i) = -2*i**2 - 8*i + 6. Let z be c(-4). Let s be (-33)/z*-4 + (-6)/(-2). Calculate the greatest common divisor of s and 200.
25
Suppose 0 = 379*f - 395*f + 1920. What is the highest common divisor of f and 3480?
120
Suppose -x + 2*x = 5*s - 11, -2*s - 2 = -2*x. Suppose -176 + 56 = -x*h. Calculate the highest common factor of h and 12.
6
Let p(r) = -r**3 + 5*r**2 - 2*r + 7. Let q be p(5). Let c be q + 5 + -2 + 72. Let g be 2/(-6)*(3 - (0 + 27)). What is the highest common divisor of g and c?
8
Suppose 2*o + 2*d = -o + 256, 330 = 4*o - 3*d. Suppose -23*x = -26*x + o. What is the greatest common divisor of 70 and x?
14
Suppose -348 - 332 = -8*x. Calculate the highest common divisor of 34 and x.
17
Let u(n) = -n**2 - 9*n - 2. Let q be u(-11). Let i = -22 - q. Suppose -i*a + 4 = -0. Calculate the highest common divisor of a and 4.
2
Let d(s) = 26*s**3 + 2*s + 2. Let n be (1 + (-2 - -4))/(-3). Let o be d(n). Let b be (-40)/(-100) - o/10. What is the greatest common factor of b and 27?
3
Let w = 126 + 218. Calculate the greatest common factor of w and 43.
43
Suppose -9*k + 238 = 8*k. Let t = 37 + -23. Calculate the greatest common divisor of t and k.
14
Suppose -2*b = 2*s - 270, -2*b - 6 = -10. Calculate the greatest common factor of s and 21.
7
Suppose 8*z = -2*z + 410. What is the greatest common factor of 287 and z?
41
Suppose 2*l - 3*v = -2*v + 95, 3*l + 2*v = 125. Suppose -l = g - 77. What is the highest common divisor of g and 128?
32
Let l(a) = 2*a**2 - 2*a - 2. Let v be l(-1). Let t be (v/(-2) - 10)*-6. Calculate the greatest common divisor of 6 and t.
6
Let g be -8 + 110 - ((-12)/9)/(10/(-15)). Suppose 0*h + 60 = 3*h. Calculate the greatest common factor of g and h.
20
Let z = 18 - -30. Let l be -4 + 180/(25/5). Calculate the greatest common divisor of z and l.
16
Let l(q) = 3*q - 11. Let h be l(4). Let z be 1 - -3 - 0 - 1. Suppose z*g = -u + 2*g, 2*u + 5*g = -9. Calculate the highest common factor of h and u.
1
Let k(q) = -6 - 2*q + 5 - 4 - q**2 + 4. Let z be k(-1). Let i = z + 17. Calculate the highest common factor of 17 and i.
17
Let m(w) = -6*w + 12. Let j be m(-6). Suppose -3*t = 3*s - j, 0 = -4*t + 22 - 6. Suppose -2*c = -c - 12. Calculate the highest common factor of s and c.
12
Let m be 60/(-8)*(-20)/3. Let z(j) = j**3 - 12*j**2 - 10*j + 1. Let r be z(13). Suppose -r = -7*p + 3*p. Calculate the greatest common divisor of p and m.
10
Suppose -k + 5*k = -5*s + 740, 2*s + 578 = 3*k. Let g be -2 - (-2 - (134 - -2)). Let i = k - g. Calculate the greatest common divisor of i and 18.
18
Let f be (7/21)/(2/(-24)). Let p(i) = 9*i - 15. Let z(b) = 17*b - 30. Let g(w) = f*z(w) + 9*p(w). Let r be g(6). What is the highest common divisor of 7 and r?
7
Suppose -28 = 4*l + 56. Let v = 61 + l. Let f = 36 - 16. Calculate the greatest common factor of v and f.
20
Suppose 5*s + 1 = -i, -5*s - 10 = -5. Let c = 26 + i. Let l be 2*c/(-8)*-2. Calculate the greatest common divisor of 30 and l.
15
Suppose 113*s - 120*s + 13818 = 0. Calculate the greatest common divisor of s and 21.
21
Suppose -5*n + 25 = 3*k - 8*k, 0 = 3*k - 2*n + 18. Let c(t) = t**2 + 5*t + 28. Let b be c(k). Calculate the highest common divisor of 26 and b.
26
Let y be (-11889)/(-21) - (-5)/(-35). Let k = y + -368. What is the greatest common factor of 18 and k?
18
Suppose 7*b = 3*b + 48. Let c(y) = 14*y**2 - 2*y. Suppose s - 5*s - 8 = 0. Let x be c(s). Calculate the highest common divisor of b and x.
12
Let a be (0 - 5) + -5 + -2. Let i be 16/a - (-146)/6. Calculate the greatest common factor of 161 and i.
23
Let c = -184 + 197. Calculate the highest common factor of 208 and c.
13
Suppose 4*n - 182 = -5*g, 0 = -0*n + 3*n - 9. Suppose 5*u - 3*v - 183 = 0, -g = -5*u - 5*v + 141. What is the greatest common factor of u and 18?
18
Let i(k) = -3*k - 2*k - 2*k - 3. Let g be i(-2). Suppose 0 = -3*d + 35 + 196. What is the highest common divisor of d and g?
11
Let v(s) = -2*s**3 - 57*s**2 - 71*s - 88. Let i be v(-28). What is the highest 